 What is the tens digit of s?
1
Let h(u) = 26*u**2 + 36*u + 18. What is the units digit of h(-6)?
8
Suppose -516 = -4*f - 3*s, -3*s + 244 = 2*f + 2*s. Let b = f + -48. What is the units digit of b?
4
Suppose -16 = 4*d - 4*j, -2*d - 7 = 2*d - j. Let c be ((-2)/4)/(d/(-36)). Let o = -8 - c. What is the tens digit of o?
1
Let z = 1796 + -1190. What is the tens digit of z?
0
Let i(k) = -14*k - 5. Suppose -2*o = 3*o - f, 2*o = 4*f. Suppose 4*c - c - a + 21 = 0, o = c - 4*a + 18. What is the tens digit of i(c)?
7
Let g = 16 + -16. Suppose g = k - 19 - 47. What is the tens digit of 3223/k - (-2)/12?
4
Suppose 5*v = 3*d + 631, -5*v + 367 = -d - 270. Suppose -v - 348 = -7*y. What is the tens digit of y?
6
What is the tens digit of 14/2 - (-1990 - 10)?
0
Let f(y) = -y + 4. Let o be f(4). Let w(q) = -39*q + 3. Let h be w(-4). Suppose o = -4*p - 51 + h. What is the tens digit of p?
2
Let m(f) = -3*f**2 - f + 7. Let i(z) = 2*z**2 + z - 4. Let u(g) = 10*i(g) + 6*m(g). Let q = 15 + -17. What is the units digit of u(q)?
2
Suppose -606 = -29*u + 902. What is the tens digit of u?
5
Suppose -3*j + 8*j + 2*b = -110, j - 2*b + 22 = 0. Let y = 37 + j. What is the tens digit of y?
1
Let w(p) = -285*p - 3. Let f be w(-1). Let v = f + -196. What is the tens digit of v?
8
Let i = 14 - 26. Let k(d) = d**3 + 11*d**2 - 13*d + 3. What is the tens digit of k(i)?
1
Suppose 3*p + p - 1740 = 0. What is the tens digit of p?
3
Let m(n) = -12*n + 10. Let a(f) = -23*f + 21. Let t(l) = 3*a(l) - 5*m(l). Let q = -454 + 449. What is the tens digit of t(q)?
5
Let s be 0/(2*-3 - -4). Suppose s = -3*v + 88 + 113. What is the tens digit of v?
6
Suppose -2*h + 5*g + 283 = 0, -3*h = -3*g - 233 - 169. Let m = h + -61. What is the units digit of m?
8
Let s(u) = -230*u + 102. What is the tens digit of s(-3)?
9
Suppose 8*q = 13*q - 15. Let k be (q + 1)*210/12. Suppose -4*d = -k - 26. What is the units digit of d?
4
Let l(h) = 2*h + 13. Let j be l(-9). What is the tens digit of (j/(-3))/(5/150)?
5
Let s = 1436 - 861. What is the tens digit of s?
7
Let q be (105/28)/(1/4). Suppose 5*d + 15 = -3*j, 3 - q = 4*d - j. Let b = 62 - d. What is the units digit of b?
5
Suppose -2*s + 38 + 78 = 0. Let j = 73 - s. What is the units digit of j?
5
Suppose 2*m - 2516 = 1152. What is the tens digit of m?
3
Suppose -4*y = -4*c - 52, -4*y = 3*c - 2*c - 47. Suppose -2*j - y = -4*j. What is the tens digit of 105/j + 4/(-8)?
1
Let w = -9 + 12. Suppose 0 = 5*b + 2*s - 460, -w*b + 335 = b - 5*s. What is the units digit of b?
0
Suppose s - 2*p = 752, 6*s - 2*p = 11*s - 3700. What is the hundreds digit of s?
7
Let i(l) = -l**2 - l - 26. Let h be i(0). Let p = 77 + h. What is the tens digit of p?
5
Let x = 0 + 16. Let o = -2 - x. Let v = o - -29. What is the units digit of v?
1
Suppose 4*d - 4*o - 131 - 9413 = 0, -2*d - 4*o = -4778. What is the thousands digit of d?
2
Let m = 361 - -147. What is the tens digit of m?
0
Let f = 1069 - 352. What is the hundreds digit of f?
7
Let t(u) = u + 2. Let d be t(4). Suppose 0 = 4*n + i - 32, 2*n - 4 = -2*i + d. Suppose -2*c + 44 = 2*s + 2*c, 3*c + n = 0. What is the units digit of s?
8
Let b(o) = 41*o + 289. What is the units digit of b(37)?
6
Let n(s) = s + 2. Let v be n(-7). Let c be 4/(v/(15/6)). What is the units digit of (6 - 12)*(c + 0)?
2
Suppose -2*g + 2*s + 2444 + 1040 = 0, -6 = 2*s. What is the tens digit of g?
3
Let h be (-6)/(-21) + 2026/14. Let j = h + -50. What is the units digit of j?
5
Let y(w) be the first derivative of w**3/3 + 3*w**2/2 + 4*w - 38. Let n = 6 - 9. What is the units digit of y(n)?
4
Let o(d) = 6 + 7 - d**3 - 397*d**2 - 12*d + 409*d**2. Let h = 27 - 16. What is the units digit of o(h)?
2
Suppose 72 = 3*p + l, p - 2*l + 6 = 37. Suppose -5*s = 4*j - p, -4*j = -0*j. Suppose 0 = s*q - 58 - 127. What is the tens digit of q?
3
Let x(k) = -k**3 - k**2 - 2*k + 30. Let o be x(0). What is the tens digit of -150*(4/o)/(4/(-20))?
0
What is the units digit of ((-23220)/100)/((8/10)/(-4))?
1
What is the tens digit of 57/6 - 9 - 5423/(-2)?
1
Let x(j) be the first derivative of -j**4/4 - 2*j**3 - j**2/2 + 3*j - 10. What is the units digit of x(-6)?
9
What is the thousands digit of 7/2*(1529 - 9 - 10)?
5
Let c(a) be the second derivative of 2*a**2 - 1/6*a**4 + 1/6*a**3 + 3*a + 0 - 1/20*a**5. What is the tens digit of c(-4)?
3
Suppose 3*a = 4 - 1, 2*x - 2*a - 1322 = 0. What is the hundreds digit of x?
6
Suppose -3*y - 4*p + 46 = 0, -5*p = 5*y - 59 - 16. Let s = 86 - y. Suppose -6*q + s = -3*q. What is the units digit of q?
4
Let o(i) = 163*i - 2. What is the units digit of o(7)?
9
Let h = 8 - -12. What is the hundreds digit of 444/(h/5) + -4?
1
Let l(f) = 33*f**2 - 4*f - 10. What is the tens digit of l(-5)?
3
Let t = -66 - -103. Let s = 68 - t. What is the units digit of s?
1
Suppose 37*p = -67*p + 215384. What is the units digit of p?
1
Suppose 0 = -3*z - 3*z + 102. Suppose j - 4*j - h = -19, j + z = -5*h. What is the units digit of j?
8
Suppose -2*j - 4*z + 0*z = -176, 5*j - 464 = 2*z. Let m = -28 + j. What is the units digit of m?
4
Suppose 1 = 8*k - 39. Suppose -5*x - 2*j + j + 143 = 0, 3*j - 139 = -k*x. What is the units digit of x?
9
Let i(n) = 78*n - 7. Let o be i(5). Suppose -2*v + 194 = 2*t, 2*v + 3*t - o = -2*v. What is the units digit of v?
2
Suppose -2*l = -5*p + 106, 0*p = -l - p - 46. Let q = l - -34. Let h = q + 27. What is the units digit of h?
3
Let y(b) be the second derivative of 0 + 6*b + 1/20*b**5 - 5/6*b**4 + 2/3*b**3 - 6*b**2. What is the units digit of y(10)?
8
Let o = -10 - -12. Let l(k) = -k + 5*k**2 - 4 - 2*k**3 + o*k**2 + k**3 - 3*k. What is the units digit of l(4)?
8
Let s = -724 - -96. What is the units digit of 8/3 + -2 - s/12?
3
What is the units digit of 3790 + (15 - 8)*(-2)/(-7)?
2
Let m = 3 + 12. Let v = 23 + m. What is the units digit of v?
8
What is the tens digit of (-95610)/(-45) - -5 - 2/3?
2
Let f = 2844 + -1654. What is the hundreds digit of f?
1
Let n(x) = 3*x + 5 + 2 - x**2 + 4*x + 2. Let y be n(7). What is the tens digit of 2 - 6/y*-21?
1
Suppose -2*r = -3*j - 3*j - 5414, 4*r = 4*j + 10868. What is the tens digit of r?
2
Let y(g) be the second derivative of -4*g + 0 + 1/2*g**2 - 7/12*g**4 + 1/20*g**5 + 0*g**3. What is the units digit of y(7)?
1
Suppose 6*t = 10334 + 23032. What is the thousands digit of t?
5
Suppose -3*o + p = -383, 12 = 4*p - p. Let h = o + -21. What is the hundreds digit of h?
1
Suppose 120*v - 121*v + 141 = 0. What is the units digit of v?
1
Let s be (-52)/65*30/(-1). Suppose 5*l - s = 1. Suppose 2*j + 10 = -b + 116, -l*j - 3*b + 267 = 0. What is the units digit of j?
1
Suppose -2*s - 3742 = -h, -78*h - 4*s - 18734 = -83*h. What is the tens digit of h?
5
Suppose 4*z + 0*z - 636 = 0. Let y = z - 106. What is the tens digit of y?
5
Let i = 15 + -20. Let g(q) = q**2 + 12*q + 7. Let a be g(i). Let d = a - -58. What is the tens digit of d?
3
Suppose -2*d - 591 = -3*k + 164, -2*k + 514 = 4*d. What is the tens digit of k?
5
Let k = 22 + -27. Let d(t) = -5*t + 3. What is the tens digit of d(k)?
2
Let r be (-2)/(-5) - (-4)/(-10). Let c = r - -2. Suppose -4*y - c*a = -190, 3*y + 45 = 4*y - 2*a. What is the units digit of y?
7
Let z = 836 - 264. What is the units digit of z?
2
Suppose 579*i = 581*i - 694. What is the units digit of i?
7
Suppose 0 = -2*a - 0*a. Suppose a = q - 3*w - 89, 373 = 4*q + q + 3*w. What is the tens digit of q?
7
Suppose 20 + 4 = -4*a. Let u = 131 - 131. What is the units digit of -1 + u + 23 + a?
6
Let t(s) = -s**3 - 17*s**2 + 2*s + 25. Let c be t(-17). Let n = -5 - c. Suppose 7*g - 2*g - 83 = -l, l = -n*g + 66. What is the tens digit of g?
1
Let s = 22 - 22. Let v = -6 + 1. What is the units digit of v - -13 - (3 + s)?
5
Suppose 6*y - y = 0. Suppose h + 5 - 409 = y. Suppose 3*j = -5*c + h, -2*c + 178 = j + 16. What is the tens digit of c?
8
Suppose 0 = 2*o - 754 - 3010. What is the units digit of o?
2
Let b = 1748 + -581. What is the thousands digit of b?
1
Suppose m - 5 = -4. What is the units digit of 26*(15/6 - m)?
9
Let c(x) = -x + 11. Suppose -v - 4*q = -2, v = 3*q - 23 - 3. Let s = 8 + v. What is the units digit of c(s)?
7
Let v(b) = -b**2 + 12*b - 11. Let q be v(10). Suppose 0 = -6*r + q*r - 108. Let m = r - 16. What is the units digit of m?
0
Let r = 456 + -147. What is the un